What is the thousands digit of 244707137?
7
What is the hundreds digit of 8632006?
0
What is the hundred thousands digit of 57569721?
5
What is the ten thousands digit of 2334195563?
9
What is the millions digit of 34527746?
4
What is the millions digit of 1985932372?
5
What is the units digit of 143201784?
4
What is the ten thousands digit of 120118055?
1
What is the units digit of 39904902?
2
What is the units digit of 4131324074?
4
What is the hundreds digit of 3236260557?
5
What is the ten millions digit of 2439630451?
3
What is the units digit of 62530481?
1
What is the hundreds digit of 674185?
1
What is the thousands digit of 209675311?
5
What is the tens digit of 297738504?
0
What is the hundreds digit of 144560676?
6
What is the units digit of 895928480?
0
What is the thousands digit of 84219423?
9
What is the millions digit of 200646013?
0
What is the hundreds digit of 124667349?
3
What is the hundreds digit of 7362237?
2
What is the hundreds digit of 170752863?
8
What is the tens digit of 389397915?
1
What is the units digit of 543997832?
2
What is the hundred thousands digit of 36159872?
1
What is the hundred thousands digit of 6022485724?
4
What is the units digit of 541910460?
0
What is the ten thousands digit of 150341200?
4
What is the units digit of 607281448?
8
What is the units digit of 8463419702?
2
What is the millions digit of 13810639?
3
What is the ten millions digit of 387745737?
8
What is the units digit of 5080938?
8
What is the hundred millions digit of 165596823?
1
What is the hundreds digit of 44030848?
8
What is the tens digit of 226356459?
5
What is the ten thousands digit of 733217037?
1
What is the hundreds digit of 42285732?
7
What is the units digit of 1187545034?
4
What is the ten thousands digit of 3809873094?
7
What is the hundred thousands digit of 199356511?
3
What is the hundred thousands digit of 3986520238?
5
What is the millions digit of 226755062?
6
What is the ten millions digit of 27605625?
2
What is the units digit of 3100428786?
6
What is the ten millions digit of 106750837?
0
What is the hundreds digit of 10222249?
2
What is the hundred thousands digit of 1115889792?
8
What is the tens digit of 51993753?
5
What is the hundred thousands digit of 1148518441?
5
What is the millions digit of 82985316?
2
What is the units digit of 47948167?
7
What is the ten millions digit of 42770939?
4
What is the thousands digit of 189182582?
2
What is the billions digit of 5313921404?
5
What is the ten millions digit of 190216308?
9
What is the millions digit of 142584666?
2
What is the hundreds digit of 612139357?
3
What is the hundreds digit of 449970562?
5
What is the hundred thousands digit of 2052847279?
8
What is the thousands digit of 61931406?
1
What is the hundreds digit of 7318329404?
4
What is the ten millions digit of 2753410646?
5
What is the billions digit of 1341236438?
1
What is the billions digit of 2171976838?
2
What is the hundreds digit of 1140204500?
5
What is the millions digit of 57130160?
7
What is the tens digit of 43145281?
8
What is the hundred millions digit of 1278459123?
2
What is the tens digit of 519243996?
9
What is the ten thousands digit of 1294674630?
7
What is the ten thousands digit of 98555318?
5
What is the tens digit of 17806699?
9
What is the ten millions digit of 103026893?
0
What is the millions digit of 22892106?
2
What is the ten thousands digit of 1249420?
4
What is the hundred millions digit of 6127403263?
1
What is the thousands digit of 125823009?
3
What is the units digit of 65338236?
6
What is the ten millions digit of 1258349208?
5
What is the tens digit of 1044001960?
6
What is the ten millions digit of 27911921?
2
What is the ten thousands digit of 33080387?
8
What is the billions digit of 1270660645?
1
What is the hundred thousands digit of 315045847?
0
What is the millions digit of 33156238?
3
What is the tens digit of 105560442?
4
What is the thousands digit of 136337159?
7
What is the ten millions digit of 3743208125?
4
What is the ten thousands digit of 1574763629?
6
What is the hundred thousands digit of 59652860?
6
What is the units digit of 48941464?
4
What is the ten thousands digit of 134357210?
5
What is the millions digit of 355062628?
5
What is the tens digit of 1265982029?
2
What is the units digit of 18025790?
0
What is the hundred thousands digit of 4472788?
4
What is the tens digit of 409195102?
0
What is the ten thousands digit of 13615408?
1
What is the units digit of 6324892?
2
What is the billions digit of 1092872623?
1
What is the millions digit of 33307389?
3
What is the ten thousands digit of 176131172?
3
What is the ten thousands digit of 3345414?
4
What is the billions digit of 1122596098?
1
What is the hundreds digit of 1294292719?
7
What is the ten thousands digit of 880490180?
9
What is the thousands digit of 2174305573?
5
What is the millions digit of 43901359?
3
What is the millions digit of 3568191051?
8
What is the units digit of 2480140997?
7
What is the tens digit of 190063199?
9
What is the billions digit of 1120479655?
1
What is the hundred millions digit of 2281760739?
2
What is the units digit of 377405934?
4
What is the hundred thousands digit of 72433644?
4
What is the ten thousands digit of 75236992?
3
What is the units digit of 7014383?
3
What is the units digit of 33196740?
0
What is the hundreds digit of 25962305?
3
What is the millions digit of 69160482?
9
What is the ten thousands digit of 221794135?
9
What is the thousands digit of 6673754470?
4
What is the ten thousands digit of 54635551?
3
What is the units digit of 177635190?
0
What is the hundred thousands digit of 1149210651?
2
What is the hundred thousands digit of 46754546?
7
What is the hundred millions digit of 147670494?
1
What is the billions digit of 1933474063?
1
What is the hundred millions digit of 672665534?
6
What is the ten millions digit of 2677411918?
7
What is the millions digit of 1169038483?
9
What is the tens digit of 113353297?
9
What is the ten millions digit of 259621804?
5
What is the hundred thousands digit of 570383912?
3
What is the thousands digit of 83502142?
2
What is the hundred millions digit of 621007222?
6
What is the hundreds digit of 189062701?
7
What is the millions digit of 297230555?
7
What is the ten thousands digit of 242855237?
5
What is the ten millions digit of 52276121?
5
What is the hundred thousands digit of 149012318?
0
What is the thousands digit of 14217482?
7
What is the hundred millions digit of 557644708?
5
What is the ten millions digit of 106203104?
0
What is the billions digit of 1848739056?
1
What is the thousands digit of 983452624?
2
What is the millions digit of 44111103?
4
What is the hundreds digit of 443960806?
8
What is the hundreds digit of 123914464?
4
What is the hundred millions digit of 587009222?
5
What is the thousands digit of 1509931360?
1
What is the millions digit of 926464888?
6
What is the ten millions digit of 1323726874?
2
What is the hundreds digit of 56659525?
5
What is the ten thousands digit of 2849728?
4
What is the units digit of 88401428?
8
What is the tens digit of 553661966?
6
What is the hundreds digit of 5206461632?
6
What is the hundreds digit of 16419750?
7
What is the hundred thousands digit of 119663033?
6
What is the millions digit of 49628110?
9
What is the hundreds digit of 1648824857?
8
What is the ten millions digit of 41169790?
4
What is the hundreds digit of 1161574394?
3
What is the hundreds digit of 15787687?
6
What is the hundred millions digit of 139032185?
1
What is the thousands digit of 3407819997?
9
What is the thousands digit of 17107032?
7
What is the units digit of 1761716584?
4
What is the billions digit of 1570718364?
1
What is the ten millions digit of 42803948?
4
What is the hundred thousands digit of 70900943?
9
What is the thousands digit of 65142479?
2
What is the tens digit of 4138685041?
4
What is the millions digit of 1254488652?
4
What is the millions digit of 2831322726?
1
What is the hundred millions digit of 383945877?
3
What is the millions digit of 48403796?
8
What is the units digit of 238365532?
2
What is the ten millions digit of 3230287880?
3
What is the units digit of 434214057?
7
What is the millions digit of 8869365790